 -11 - -16. Suppose -c*b - 125 = -z, 0 = -3*b - 2 - 7. Suppose -17 + 17 = -2*g + 44. Calculate the greatest common factor of z and g.
22
Let d(c) = c**2 + 7*c - 8. Let t be d(-8). Suppose -r + 0*r = -2*b - 19, t = 5*b - 3*r + 49. Let a = b + 64. Calculate the highest common divisor of 14 and a.
14
Suppose g - 27 = -5*b, -g + 222 = 4*g - 4*b. Let s(q) = -q**3 + 30*q**2 + 65*q - 1914. Let m be s(30). Calculate the greatest common divisor of m and g.
6
Suppose -o + 1821 = 3*m, 15*m + 78*o = 76*o + 9123. Calculate the highest common divisor of 483 and m.
21
Let o(u) = -91*u - 46. Let g be o(-4). Let f = -316 + g. Calculate the greatest common factor of f and 46.
2
Suppose -18952 = i - 5*i + 12880. What is the greatest common factor of i and 69?
23
Suppose 4*k - k + o = -133, -3*k + 5*o - 109 = 0. Let q = k + 47. Calculate the greatest common factor of q and 76.
4
Suppose 9*p = 650 + 43. Suppose 6*b - 55 - p = 0. Let i(t) = t**3 - 23*t**2 + 25*t - 10. Let k be i(b). Calculate the highest common factor of k and 7.
7
Let o = -24477 - -26952. Calculate the highest common factor of 117 and o.
9
Let n = -1477 + 1559. What is the greatest common factor of n and 3526?
82
Let d(v) = 2*v**2 - 50. Suppose 4*g = -k - g + 6, -4*k + 24 = g. Let u be d(k). Calculate the greatest common divisor of 2 and u.
2
Let n(u) = u**2 - 7*u - 10. Let g be n(-8). Suppose 5*q - 415 = -5*s, q + 77 = s - 0*q. Let o = s + -58. What is the greatest common divisor of o and g?
22
Let j(x) = -12*x - 8. Let d be (2/3)/((-50)/(-15) + -3). Suppose 4 = d*t + 10. Let w be j(t). Calculate the highest common divisor of 14 and w.
14
Suppose -6*s + 4*s = -m - 22, s = -3*m + 4. Suppose s*w - 100 = -0*w. Let j be (156/w)/((-4)/(-10)). Calculate the greatest common factor of j and 312.
39
Let l be 21 + -20 + (0 - -1). Let n(g) = 83*g + 9. Let m be n(l). What is the greatest common divisor of m and 50?
25
Suppose -5*q = 3*w - 7*w + 51, 25 = -3*q + w. Suppose 0 = -4*b - 3*x + 93, b + 2*b - 4*x - 51 = 0. Let l = q + b. What is the highest common factor of l and 7?
7
Suppose 0*p + 10*p = -350. Let b = p - -37. Let i be (-20*b/14)/((-8)/28). Calculate the greatest common divisor of 4 and i.
2
Suppose 6*o + 267 = 7*o - 4*v, -1407 = -5*o - 4*v. Suppose -o = -2*b + 5*k, -3*b + 0*k = -k - 451. What is the greatest common factor of b and 8?
8
Let p be 6/(-33) - 7252/407. Let o be -6*42/p + 0/(-6). What is the greatest common factor of 28 and o?
14
Let f(i) = 25*i**2 - 110*i + 67. Let s be f(4). Calculate the highest common factor of s and 1827.
9
Let s = -7224 + 7450. Calculate the highest common divisor of s and 14.
2
Suppose 1 = 4*v + 1. Suppose v = 2*q - 7 + 11, -4*a + 394 = -5*q. Calculate the greatest common divisor of 6 and a.
6
Suppose 0 = -22*c + 18*c + 36, -98 = -5*t + 3*c. Let y = 258 - 158. Calculate the highest common factor of t and y.
25
Let b(c) be the second derivative of -c**3 + 9*c**2 - 28*c. Let d be b(1). Calculate the highest common factor of 168 and d.
12
Let f(i) = -26*i**3 + 11*i**2 + 69*i + 144. Let j be f(-3). What is the highest common factor of j and 450?
18
Let g = 27015 - 26826. Suppose 0 = 2*x, -5*z = x + 2*x - 105. Calculate the highest common divisor of z and g.
21
Let w be 4936*((-4)/(0 + -4) - 4/16). What is the greatest common divisor of 6 and w?
6
Suppose -7*m - 4*d + 9887 = -2*m, m + d = 1978. Calculate the greatest common factor of 158 and m.
79
Let r = 19985 - 19971. Calculate the greatest common divisor of r and 10171.
7
Suppose 8 = 6*o - 10. Let k be 17 + (-3 - 3) - (o - 0). Calculate the greatest common divisor of k and 8.
8
Let w = -1598 + 2498. What is the highest common divisor of 175 and w?
25
Suppose -6 - 8 = 14*h. Let n be ((-30)/(-35))/(h/(-21)). What is the highest common divisor of n and 24?
6
Let l(m) be the second derivative of 7*m**5/20 - m**4/4 - 4*m**3/3 + 7*m**2 + 24*m - 1. Let h be l(3). What is the highest common factor of h and 76?
76
Suppose 4*l - 10 = -l. Let m be 1/((l - 2) + (-4)/20). Let b be 18*m/(-2) - 0. What is the greatest common factor of 15 and b?
15
Suppose -222*b + 3235 + 33173 = 0. What is the greatest common factor of b and 2419?
41
Suppose 93*c - 690 - 344 = 82. Calculate the greatest common divisor of 246 and c.
6
Suppose -3*c = 8*o - 24, c - 9 = -11*o + 8*o. Suppose 0 = -c*n + 3*n + 4*w - 57, -60 = -5*n + 5*w. Calculate the highest common divisor of n and 20.
5
Let x = -742 + 910. Suppose 8*q - x = 40. Calculate the highest common factor of 533 and q.
13
Let p = -27 - -27. Suppose p = -3*n + 2*n, n = 2*s - 8. Suppose s*g - 16 = 0, -7*c + 2*c + 4*g = -734. What is the highest common divisor of 60 and c?
30
Suppose -77 = 62*b - 563 - 940. Suppose p + 4*p = 0. Suppose -g + 151 + 33 = p. Calculate the greatest common factor of g and b.
23
Let t = -974 + 339. Let b be t/10*-2 - 1. What is the greatest common divisor of b and 6?
6
Let w = 1181 + -687. Suppose 4699 - 13135 = -139*m - 83*m. Calculate the greatest common divisor of w and m.
38
Let f be (-14)/(-896)*13784 - 3/8. Calculate the greatest common factor of 43 and f.
43
Let p be (-7)/(-3) + 5049/1377. Calculate the greatest common factor of p and 2778.
6
Let u(w) = -65*w**3 + 66*w**3 - 11*w + 27*w - 6*w**2 - 21 + 0*w**2. Let p be u(7). Calculate the greatest common factor of p and 40.
20
Let o be 172/(-430) + 7024/10. Suppose 43*s = 16*s + o. What is the greatest common divisor of 533 and s?
13
Let z(v) = 2*v**2 - 17*v + 62. Let b be z(7). What is the greatest common factor of 5125 and b?
41
Let j(n) = 2*n**3 - n**2 - 299*n - 54. Let k be j(-11). Calculate the highest common factor of 3842 and k.
226
Let l be 24*5 - (-159 + 167). What is the greatest common divisor of 1512 and l?
56
Suppose -24 + 9 = -5*p + 4*v, -4*p + 4*v + 8 = 0. Let h be 367/5 - 4/10. Let r = -24 + h. What is the greatest common divisor of r and p?
7
Let a be 8/108 + 1632/(-162). Let r(z) = -z**3 - 10*z**2 + 5. Let n be r(a). Calculate the highest common factor of 25 and n.
5
Suppose b - 163 = -2*b + 2*p, -p + 56 = b. Suppose 252 = -77*d + 70*d. Let o be -5*(2 - 1) - (26 + d). What is the greatest common divisor of o and b?
5
Let m = 307 + -235. What is the highest common divisor of m and 756?
36
Let q be 280/(-45) - -6 - 595/(-45). Suppose 0 = -18*x + q*x + 1710. Calculate the highest common factor of x and 54.
18
Suppose -12*r + 33 + 15 = 0. Suppose 0*n - 244 = -4*a + 4*n, 2*a + r*n - 92 = 0. Calculate the highest common divisor of a and 616.
56
Let l(q) = q**2 + 9*q + 5. Let n be l(-10). Suppose 4*f - 641 = -g, 2*g - 3*g = -f + 159. Suppose f = 8*s - 320. What is the highest common factor of n and s?
15
Suppose 13*k + 2762 - 10549 = 0. Suppose -t = 5*m - 827 - 180, -3*m + 2*t + k = 0. Calculate the highest common divisor of 3 and m.
3
Suppose q - 498 = -4*k, -3*k + 377 = -q + 7. Calculate the highest common divisor of 20 and k.
4
Let o = -158 - -223. Suppose -2*m - o = -215. Calculate the greatest common divisor of 135 and m.
15
Let r be (-1)/3 + 788/(-12). Let j = r - -82. Let l be (9 - 15/(-5))/1. What is the highest common divisor of l and j?
4
Let i = 13 + -3. Let p = 253 + 67. Calculate the highest common divisor of i and p.
10
Let q(t) = -39*t**3 + 3*t + 2. Let u be q(-2). Suppose 2*m + 5*d - 186 = -32, -d = 4*m - u. What is the highest common factor of m and 22?
11
Suppose 23 = -4*p + 3*k, 0 = 3*p + 14*k - 12*k - 21. What is the highest common divisor of 31 and p?
1
Suppose u + y = -0*u + 9, -2*u + 17 = y. Let q be (-116 + 115)*10/(-2). Calculate the greatest common divisor of u and q.
1
Let k be (33 - -5399) + 19 + 5*-1*-1. Calculate the highest common factor of 22 and k.
22
Let z(i) be the first derivative of -i**4/4 - 7*i**3 - 21*i**2 + 32*i + 71. Let a be z(-19). Calculate the greatest common factor of 270 and a.
54
Suppose 0*o - 5*n = o - 73, -4*n - 249 = -5*o. Let l = 6 + o. Calculate the greatest common factor of l and 1121.
59
Let b = -674 - -949. Suppose 0*a - 103 = -5*t + 2*a, -5*t - 4*a + 109 = 0. Suppose -500 = s - t*s. What is the highest common factor of s and b?
25
Let u(y) = -1968*y + 2485. Let o be u(-7). What is the highest common divisor of o and 23?
23
Let b(i) = -2*i**2 + 8*i - 4. Let x(y) = y**2 - 7*y + 3. Let q(w) = 2*b(w) + 3*x(w). Let r be q(-4). What is the highest